 i - 24 = 4*k + g. Calculate the remainder when i is divided by 28.
25
Suppose -k = 2*r - 99, -5*r + 4*k + 191 = -102. Calculate the remainder when 329 is divided by r.
11
Suppose 5*w = 2 + 18. Let z = -52905 - -52917. What is the remainder when z is divided by w?
0
Let h = 24545 - 24083. What is the remainder when h is divided by 102?
54
Let d(a) = -10*a**3 + 9*a**2 + 40*a + 166. Calculate the remainder when 1585 is divided by d(-4).
5
Let g(f) = 98*f + 125 - 209*f + 102*f. What is the remainder when 299 is divided by g(12)?
10
Suppose 3*q + 2*c - 22 = 0, -5*q + 40 = -45*c + 50*c. Suppose -88 - 188 = -q*u. What is the remainder when u is divided by 17?
12
Let g(c) = 2295*c - 127. What is the remainder when g(1) is divided by 68?
60
Suppose 4*h + 18 = f, 0 = 4*f - 2*f - 4*h - 28. Suppose 3*p = 0, 0*o = -5*o + 2*p + f. Calculate the remainder when 28 is divided by o.
0
Let g(b) = 32*b - 1. Let a(u) = -32*u + 1. Let t(j) = 5*a(j) + 4*g(j). Let d be t(-7). Suppose -11*h - d = -16*h. What is the remainder when h is divided by 8?
5
Calculate the remainder when 1018 + 4/7*1449/138 is divided by 4.
0
Suppose -5*h - 4*f + 3259 = 0, -155*h + 153*h - 4*f + 1294 = 0. Calculate the remainder when h is divided by 180.
115
What is the remainder when 950 is divided by (1*6)/1 - 678/36*-6?
117
Suppose -b = 0, -5*f + 5*b + 342 - 32 = 0. Calculate the remainder when f is divided by 61.
1
Suppose 8*a + 4*p = 7*a - 8, -5*p = 10. Suppose 3*t = -a*y - 4*y + 82, -5*t - 120 = -5*y. Calculate the remainder when y is divided by 3.
1
Let a = -317 + 349. Suppose -759 = 18*q - 21*q. What is the remainder when q is divided by a?
29
Let f(h) = 362*h**2 - 8*h - 7. Let z be f(-1). Let t = z + -249. What is the remainder when t is divided by 9?
6
Suppose -18*c + 2807 = -17*c + 4*g, 0 = -c + g + 2792. Suppose 827 - c = -6*i. Calculate the remainder when i is divided by 37.
32
Suppose a + b - 89 = 0, 5*a - 59*b - 490 = -55*b. What is the remainder when 384 is divided by a?
8
Let k(t) = -11*t + 17*t**2 - 3*t + 19*t + 32. Calculate the remainder when k(-3) is divided by 30.
20
Let a(g) = -g**2 + 23*g - 34. Let t be a(18). Let v = t + -54. Suppose 0 = -2*q + 2*z + 30, -3*z = v*z + 10. Calculate the remainder when q is divided by 7.
6
Suppose -20 = -13*z + 45. Suppose -z*s = -30*s + 425. Calculate the remainder when 406 is divided by s.
15
Let q = -11 - -25. What is the remainder when q is divided by 11 + (5/2 - -1)*(-2 - 0)?
2
Suppose 17223 = -38*s + 17945. Suppose 5*o = 4*r + 197, o + 90 = 3*o + 4*r. What is the remainder when o is divided by s?
3
Suppose 5*v + 92*o - 7128 = 88*o, -7131 = -5*v - 3*o. Calculate the remainder when v is divided by 238.
0
Let i = -505 - -521. Suppose 76 = -11*j + 1154. What is the remainder when j is divided by i?
2
What is the remainder when ((-315)/70)/((-2)/216) is divided by 49?
45
Let m(s) = -s**3 + 80*s**2 + 372*s + 447. Calculate the remainder when m(84) is divided by 217.
216
Let h = 179 + -44. Suppose -187*y + 22 = -3*a - 191*y, -3*y - 30 = 0. Calculate the remainder when h is divided by a.
3
Suppose 0 = 11*s - 796 + 609. What is the remainder when 1252 is divided by s?
11
Calculate the remainder when ((-2)/8*2157)/(39/(-156)) is divided by 60.
57
Let r be (1 - (-3)/(-4)) + 51255/340. Let o = r - 140. Calculate the remainder when 41 is divided by o.
8
What is the remainder when ((-593)/(-5337) - 2/(-9))/((-2)/(-648)) is divided by 5 + 0 + 1 + -1?
3
Suppose d + 2*d = 81. Suppose 3*k - 4*k = -d. Suppose 25*v - 1244 = 1356. Calculate the remainder when v is divided by k.
23
Let l(p) = p**3 + 6*p**2 - 29*p - 16. Let k be l(-9). Suppose 0*w - 2*w = -5*c - 563, 572 = k*w + 4*c. Calculate the remainder when w is divided by 13.
11
Let j(a) = 4*a**2 - 2*a - 35. Let h be j(9). Let p = 277 - h. Calculate the remainder when 197 is divided by p.
5
Let t(o) = -9*o + 410. What is the remainder when t(-41) is divided by 34?
31
Let g = 838 + -384. What is the remainder when g is divided by 111?
10
Let t = -9523 - -9998. Calculate the remainder when t is divided by 12.
7
Let i(k) = -k**2 - 27*k + 64. Let x be i(-27). Let v = x + 128. Calculate the remainder when v is divided by 28.
24
Let a(u) = 25*u - 253. Let t be a(11). Suppose -t*k - 30*k = -2080. What is the remainder when 153 is divided by k?
33
What is the remainder when (0 + -7)/(-14) - (-20078)/4 is divided by 18?
16
Suppose 0 = -3*c - 32 + 350. Suppose -127*r + 124*r = 2*z - 46, 4*z - 68 = -2*r. What is the remainder when c is divided by r?
4
Let y(a) = -13*a**2 + 5*a - 7 - 15*a - 1 + a**3. Suppose 325*k = -i + 327*k + 11, -4*k - 43 = -3*i. Calculate the remainder when y(14) is divided by i.
6
Let h = -87 - -127. Let d(m) = m - 1. Let f(s) = -2*s + 39. Let j(b) = 4*d(b) - f(b). What is the remainder when h is divided by j(9)?
7
Let q(n) = -6*n - 31. Let w be q(-6). Suppose w*i = 4*a + 240, 8*i - 34 = 7*i - 2*a. Calculate the remainder when 85 is divided by i.
41
Let q = 340 + -325. Let v = -41 - -116. Suppose -q*s + v + 225 = 0. Calculate the remainder when 178 is divided by s.
18
Let j be (-3)/5 + 1 - 4806/90. Let c = 89 + j. Suppose -1397 = -43*d + 1613. What is the remainder when d is divided by c?
34
Suppose 4*l = 8*l - 4*c - 76, l + 5*c = -5. Suppose -3*n + 72 = 5*n. Calculate the remainder when l is divided by n.
6
Suppose 11*a - 10*a - 2772 = -43*a. Calculate the remainder when 3337 is divided by a.
61
Let j(l) = l**3 + l**2 + 24. Let t(q) = -46*q + 433. What is the remainder when t(8) is divided by j(0)?
17
Calculate the remainder when ((-144208)/64)/((50/(-120))/5) is divided by 130.
129
Suppose 90 = 102*y - 87*y. What is the remainder when ((-13)/(-3))/(4/60) is divided by y?
5
Let h(i) = -i**3 + 7*i**2 + 6*i - 5. Let w be ((-30)/(-20))/(12/32). What is the remainder when h(w) is divided by 7?
4
Suppose 0 = 5*m - 6*f + 7*f - 41, 2*f = m - 17. Calculate the remainder when 602 is divided by m.
8
Suppose -49 = -5*c + 451. What is the remainder when c is divided by 34 - (4/10)/((-69)/(-1380))?
22
Let w = 5135 + -5092. What is the remainder when w is divided by 12?
7
What is the remainder when 365 is divided by 306*(-1)/((-15)/5)?
59
Let n(y) be the first derivative of y**4/2 - 10*y**3/3 - 2*y**2 + 21*y + 21. What is the remainder when n(6) is divided by 36?
33
Let m = 312 - 322. What is the remainder when 12/m*935/(-34) is divided by 19?
14
Let g = 14910 + -14687. What is the remainder when 1100 is divided by g?
208
Let o = -11063 + 11098. What is the remainder when 29677 is divided by o?
32
Calculate the remainder when ((-20)/12)/((-2)/5 + (-123301)/(-309315)) is divided by 38.
35
Let h(z) = 6*z + 223. Let s = -756 + 732. What is the remainder when h(s) is divided by 78?
1
Suppose -396*i - 878 = -399*i + 2*q, -4*i + q = -1179. What is the remainder when i is divided by 76?
68
Suppose 11 + 25 = 2*a. Let l = 22 + a. Let s(r) = 14*r + 539. Calculate the remainder when s(-33) is divided by l.
37
Let o = 2227 + -2102. Let i(l) = l**3 + 15*l**2 + 13*l - 13. Let k be i(-14). What is the remainder when o is divided by (-917)/(-35) + k/(-5)?
21
Let j(t) = 3*t + 4. Suppose 18*g + 10 = 20*g. Suppose 0 = 6*l - g*l - 1. Calculate the remainder when 8 is divided by j(l).
1
Let o = -8233 + 8350. Calculate the remainder when o is divided by 83.
34
Suppose -23*t + 24 = -11*t. Suppose u + 405 = -t*z + 7*z, 5*u - 435 = -5*z. Calculate the remainder when z is divided by 59.
23
Suppose -43 - 44 = -3*y. Suppose -2*f - 2362 = 4*n, -4*n - 3*f - 2154 = 213. Let v = -446 - n. What is the remainder when v is divided by y?
26
Let i(s) = 34*s - 633. What is the remainder when i(32) is divided by 52?
39
Let y = 1517 - 1503. Let t(f) = -10*f - 2*f**3 + 24 + f**3 + 4 + 15*f**2. Calculate the remainder when t(y) is divided by 43.
41
Suppose 0 = -32*z + 1785 + 359. Calculate the remainder when 257 is divided by z.
56
Suppose -2*p = -37*p - 9*p + 88. Calculate the remainder when 18 is divided by p.
0
Suppose 2*a + 7 = -a - 4*r, -a + r = -7. Suppose -a*f + 13 + 38 = 0. Suppose 3*z + 0*z = 198. Calculate the remainder when z is divided by f.
15
Suppose 4*n + 3*s = 5*s + 154, 0 = 5*n + 5*s - 170. Calculate the remainder when 480 is divided by n.
36
Let n = -4347 - -4349. Let j = 6 - 5. Calculate the remainder when n is divide